ns digit of 1357082989?
1
What is the millions digit of 3073199356?
3
What is the ten thousands digit of 967444490?
4
What is the thousands digit of 1031812605?
2
What is the ten millions digit of 33454034?
3
What is the ten millions digit of 956725122?
5
What is the tens digit of 688189396?
9
What is the ten thousands digit of 997155431?
5
What is the thousands digit of 506767782?
7
What is the ten millions digit of 36072436?
3
What is the millions digit of 509134929?
9
What is the tens digit of 24680966?
6
What is the hundred thousands digit of 57627861?
6
What is the ten millions digit of 193797768?
9
What is the thousands digit of 706213500?
3
What is the hundreds digit of 60070385?
3
What is the hundred thousands digit of 10900309?
9
What is the ten thousands digit of 2244330809?
3
What is the thousands digit of 163706701?
6
What is the ten millions digit of 205411266?
0
What is the hundreds digit of 2646610062?
0
What is the hundred millions digit of 151934306?
1
What is the units digit of 38091964?
4
What is the ten thousands digit of 1622566657?
6
What is the ten thousands digit of 1826352197?
5
What is the ten millions digit of 1645829409?
4
What is the ten millions digit of 219603136?
1
What is the millions digit of 63777764?
3
What is the ten millions digit of 41775840?
4
What is the billions digit of 1341907880?
1
What is the ten thousands digit of 31712404?
1
What is the tens digit of 417170502?
0
What is the hundred thousands digit of 242049825?
0
What is the hundred millions digit of 156901051?
1
What is the millions digit of 18402514?
8
What is the thousands digit of 2103914594?
4
What is the tens digit of 2389592631?
3
What is the hundred thousands digit of 840492797?
4
What is the hundred millions digit of 731697284?
7
What is the millions digit of 39036928?
9
What is the ten millions digit of 1652755464?
5
What is the millions digit of 78922766?
8
What is the ten millions digit of 208553713?
0
What is the tens digit of 642110041?
4
What is the hundred thousands digit of 2547277857?
2
What is the millions digit of 49203094?
9
What is the millions digit of 670387558?
0
What is the thousands digit of 69347490?
7
What is the thousands digit of 5162333069?
3
What is the hundred thousands digit of 1673075516?
0
What is the millions digit of 201981740?
1
What is the ten thousands digit of 236137364?
3
What is the units digit of 1330290392?
2
What is the ten thousands digit of 6142453321?
5
What is the millions digit of 97181962?
7
What is the tens digit of 6578086976?
7
What is the tens digit of 26346878?
7
What is the billions digit of 3322800465?
3
What is the hundreds digit of 3640641161?
1
What is the tens digit of 123623901?
0
What is the millions digit of 115707284?
5
What is the hundreds digit of 183585847?
8
What is the units digit of 859720742?
2
What is the thousands digit of 3139745297?
5
What is the hundred millions digit of 668848068?
6
What is the hundred thousands digit of 30442290?
4
What is the millions digit of 622345281?
2
What is the ten thousands digit of 2730937813?
3
What is the billions digit of 2099935249?
2
What is the units digit of 963442442?
2
What is the tens digit of 63652820?
2
What is the hundreds digit of 517810237?
2
What is the thousands digit of 20688799?
8
What is the tens digit of 454122485?
8
What is the billions digit of 1243704421?
1
What is the hundred thousands digit of 1202294217?
2
What is the ten millions digit of 941358756?
4
What is the hundreds digit of 187144700?
7
What is the tens digit of 851016330?
3
What is the tens digit of 351011122?
2
What is the millions digit of 63625277?
3
What is the hundreds digit of 784377861?
8
What is the ten millions digit of 838769094?
3
What is the millions digit of 62838194?
2
What is the hundred thousands digit of 606788501?
7
What is the hundred millions digit of 590370411?
5
What is the hundred millions digit of 606095759?
6
What is the ten thousands digit of 139048544?
4
What is the units digit of 4662920?
0
What is the ten millions digit of 975854303?
7
What is the hundred millions digit of 329623544?
3
What is the hundred millions digit of 2054542360?
0
What is the units digit of 16243910?
0
What is the ten millions digit of 72017966?
7
What is the hundred millions digit of 624609679?
6
What is the hundred millions digit of 347007320?
3
What is the hundreds digit of 43239166?
1
What is the millions digit of 5733065456?
3
What is the hundred thousands digit of 300095346?
0
What is the hundreds digit of 32872157?
1
What is the units digit of 733445076?
6
What is the hundreds digit of 47783782?
7
What is the billions digit of 2173371076?
2
What is the ten thousands digit of 259389786?
8
What is the tens digit of 4677599074?
7
What is the tens digit of 52653140?
4
What is the tens digit of 573700218?
1
What is the hundred thousands digit of 337029662?
0
What is the thousands digit of 11051509?
1
What is the ten thousands digit of 177476321?
7
What is the hundred millions digit of 2291756532?
2
What is the millions digit of 118881055?
8
What is the hundred thousands digit of 65672045?
6
What is the ten thousands digit of 4265349049?
4
What is the ten thousands digit of 1116939887?
3
What is the ten millions digit of 2775135822?
7
What is the hundred millions digit of 2310576164?
3
What is the units digit of 903372214?
4
What is the ten millions digit of 391602399?
9
What is the millions digit of 1309187067?
9
What is the tens digit of 250222145?
4
What is the units digit of 149150952?
2
What is the hundreds digit of 1203946445?
4
What is the ten millions digit of 2869731847?
6
What is the hundreds digit of 62608665?
6
What is the millions digit of 524790845?
4
What is the hundreds digit of 1522909480?
4
What is the thousands digit of 605137138?
7
What is the thousands digit of 35850633?
0
What is the ten millions digit of 647610534?
4
What is the millions digit of 12792209?
2
What is the hundreds digit of 204504234?
2
What is the hundred thousands digit of 1358225361?
2
What is the thousands digit of 734607017?
7
What is the units digit of 4607042320?
0
What is the hundred thousands digit of 34803220?
8
What is the ten millions digit of 207072386?
0
What is the hundreds digit of 343748891?
8
What is the units digit of 100005926?
6
What is the millions digit of 13549853?
3
What is the units digit of 1656035043?
3
What is the millions digit of 1544985682?
4
What is the hundreds digit of 37545395?
3
What is the hundred thousands digit of 1616272256?
2
What is the ten thousands digit of 106538940?
3
What is the units digit of 2873196797?
7
What is the millions digit of 4486762962?
6
What is the hundred thousands digit of 4763892692?
8
What is the hundreds digit of 283167744?
7
What is the hundreds digit of 229772376?
3
What is the millions digit of 6168430074?
8
What is the ten thousands digit of 30497596?
9
What is the thousands digit of 50490486?
0
What is the units digit of 411158374?
4
What is the units digit of 1722308841?
1
What is the tens digit of 1717502978?
7
What is the hundred thousands digit of 283013251?
0
What is the tens digit of 2016779573?
7
What is the hundred millions digit of 559442507?
5
What is the hundred thousands digit of 6701599?
7
What is the hundred millions digit of 4934154036?
9
What is the tens digit of 64799420?
2
What is the hundred millions digit of 1135962829?
1
What is the ten millions digit of 983808617?
8
What is the hundreds digit of 2174558209?
2
What is the hundreds digit of 106616006?
0
What is the hundreds digit of 1054664224?
2
What is the ten thousands digit of 52968093?
6
What is the hundred thousands digit of 194286623?
2
What is the tens digit of 5549566299?
9
What is the units digit of 232965907?
7
What is the units digit of 1961397744?
4
What is the units digit of 6278023524?
4
What is the thousands digit of 125863076?
3
What is the billions digit of 4654950895?
4
What is the units digit of 91936484?
4
What is the tens digit of 90212328?
2
What is the ten millions digit of 237577259?
3
What is the ten millions digit of 42445891?
4
What is the millions digit of 473545547?
3
What is the ten millions digit of 684143343?
8
What is the tens digit of 1232485597?
9
What is the thousands digit of 11021